e remainder when 3253 is divided by 288?
85
Calculate the remainder when 113134 is divided by 56562.
10
What is the remainder when 741 is divided by 45?
21
Calculate the remainder when 1755 is divided by 299.
260
Calculate the remainder when 119194 is divided by 77.
75
What is the remainder when 676252 is divided by 169054?
36
Calculate the remainder when 126 is divided by 73.
53
What is the remainder when 8717 is divided by 1242?
23
What is the remainder when 521962 is divided by 36?
34
Calculate the remainder when 59092 is divided by 134.
132
Calculate the remainder when 1166085 is divided by 214.
213
Calculate the remainder when 5967 is divided by 29.
22
Calculate the remainder when 500786 is divided by 166927.
5
Calculate the remainder when 37535 is divided by 1421.
589
What is the remainder when 1483 is divided by 169?
131
What is the remainder when 11959 is divided by 1087?
2
What is the remainder when 4464 is divided by 1483?
15
Calculate the remainder when 2661 is divided by 825.
186
What is the remainder when 16769 is divided by 716?
301
What is the remainder when 51031 is divided by 25507?
17
What is the remainder when 228302 is divided by 304?
302
Calculate the remainder when 651615 is divided by 26064.
15
Calculate the remainder when 100084 is divided by 3.
1
Calculate the remainder when 5016 is divided by 710.
46
Calculate the remainder when 2559 is divided by 120.
39
What is the remainder when 80038 is divided by 460?
458
What is the remainder when 710 is divided by 170?
30
Calculate the remainder when 32584 is divided by 214.
56
What is the remainder when 7913 is divided by 54?
29
Calculate the remainder when 2332 is divided by 1129.
74
Calculate the remainder when 4783 is divided by 401.
372
What is the remainder when 7472 is divided by 248?
32
Calculate the remainder when 1710 is divided by 560.
30
What is the remainder when 7684 is divided by 958?
20
Calculate the remainder when 204218 is divided by 20.
18
Calculate the remainder when 1539 is divided by 56.
27
What is the remainder when 22336 is divided by 3186?
34
Calculate the remainder when 81683 is divided by 284.
175
What is the remainder when 22588 is divided by 7493?
109
Calculate the remainder when 19613 is divided by 9806.
1
What is the remainder when 78111 is divided by 8?
7
What is the remainder when 41963 is divided by 156?
155
Calculate the remainder when 1431 is divided by 329.
115
What is the remainder when 838568 is divided by 279513?
29
Calculate the remainder when 733062 is divided by 122176.
6
Calculate the remainder when 3191 is divided by 109.
30
Calculate the remainder when 104312 is divided by 87.
86
Calculate the remainder when 128723 is divided by 271.
269
Calculate the remainder when 789694 is divided by 313.
308
What is the remainder when 4412 is divided by 32?
28
Calculate the remainder when 95373 is divided by 78.
57
What is the remainder when 86237 is divided by 11?
8
What is the remainder when 6997 is divided by 308?
221
What is the remainder when 14453 is divided by 198?
197
What is the remainder when 5925 is divided by 112?
101
Calculate the remainder when 4256 is divided by 1396.
68
What is the remainder when 5584 is divided by 635?
504
What is the remainder when 7617 is divided by 1853?
205
What is the remainder when 578102 is divided by 457?
454
What is the remainder when 13213 is divided by 61?
37
What is the remainder when 140285 is divided by 18?
11
Calculate the remainder when 4837 is divided by 503.
310
Calculate the remainder when 22066 is divided by 106.
18
Calculate the remainder when 1502 is divided by 240.
62
Calculate the remainder when 107553 is divided by 333.
327
Calculate the remainder when 30925 is divided by 1289.
1278
What is the remainder when 4200 is divided by 4097?
103
What is the remainder when 31755 is divided by 67?
64
Calculate the remainder when 2441 is divided by 36.
29
What is the remainder when 301203 is divided by 75300?
3
What is the remainder when 18808 is divided by 6269?
1
What is the remainder when 4263 is divided by 5?
3
What is the remainder when 17230 is divided by 2870?
10
What is the remainder when 322661 is divided by 7014?
17
What is the remainder when 6712 is divided by 528?
376
What is the remainder when 1817 is divided by 71?
42
What is the remainder when 8072 is divided by 1007?
16
Calculate the remainder when 17393 is divided by 100.
93
What is the remainder when 1507773 is divided by 1471?
1469
Calculate the remainder when 1872 is divided by 64.
16
Calculate the remainder when 57054 is divided by 30.
24
What is the remainder when 9340 is divided by 76?
68
Calculate the remainder when 17145 is divided by 659.
11
What is the remainder when 465 is divided by 215?
35
What is the remainder when 26856 is divided by 26848?
8
Calculate the remainder when 2549 is divided by 987.
575
What is the remainder when 78652 is divided by 7?
0
What is the remainder when 8420 is divided by 13?
9
What is the remainder when 136008 is divided by 67986?
36
What is the remainder when 11681 is divided by 35?
26
Calculate the remainder when 8474 is divided by 4085.
304
Calculate the remainder when 5781 is divided by 15.
6
What is the remainder when 2166 is divided by 2164?
2
What is the remainder when 3102 is divided by 21?
15
What is the remainder when 5600 is divided by 70?
0
Calculate the remainder when 263207 is divided by 61.
53
What is the remainder when 27574 is divided by 689?
14
Calculate the remainder when 9595 is divided by 205.
165
What is the remainder when 36335 is divided by 459?
74
What is the remainder when 54415 is divided by 90?
55
What is the remainder when 55327 is divided by 13830?
7
Calculate the remainder when 83980 is divided by 188.
132
What is the remainder when 7891 is divided by 232?
3
Calculate the remainder when 310 is divided by 183.
127
Calculate the remainder when 2452 is divided by 1201.
50
Calculate the remainder when 9504 is divided by 4717.
70
What is the remainder when 7795 is divided by 186?
169
Calculate the remainder when 96342 is divided by 55.
37
What is the remainder when 41819 is divided by 5?
4
Calculate the remainder when 689719 is divided by 21.
16
Calculate the remainder when 2745 is divided by 514.
175
What is the remainder when 6486 is divided by 6255?
231
What is the remainder when 17650 is divided by 299?
9
What is the remainder when 5912 is divided by 281?
11
Calculate the remainder when 4865 is divided by 573.
281
Calculate the remainder when 286754 is divided by 95583.
5
Calculate the remainder when 3067791 is divided by 1204.
1203
What is the remainder when 56010 is divided by 17?
12
Calculate the remainder when 216627 is divided by 320.
307
What is the remainder when 17679 is divided by 175?
4
What is the remainder when 28788 is divided by 28711?
77
Calculate the remainder when 11121 is divided by 483.
12
What is the remainder when 8013 is divided by 131?
22
What is the remainder when 1732 is divided by 371?
248
What is the remainder when 63263 is divided by 275?
13
What is the remainder when 38995 is divided by 232?
19
What is the remainder when 918 is divided by 95?
63
What is the remainder when 66435 is divided by 9480?
75
Calculate the remainder when 12938 is divided by 4305.
23
What is the remainder when 7310 is divided by 3644?
22
What is the remainder when 1557417 is divided by 202?
199
Calculate the remainder when 142214 is divided by 13.
7
What is the remainder when 186535 is divided by 1964?
1919
What is the remainder when 29391 is divided by 19?
17
What is the remainder when 247942 is divided by 55?
2
What is the remainder when 51266 is divided by 8544?
2
What is the remainder when 5654 is divided by 56?
54
Calculate the remainder when 1599 is divided by 560.
479
What is the remainder when 1088 is divided by 360?
8
Calculate the remainder when 391679 is divided by 71.
43
Calculate the remainder when 2272026 is divided by 47.
46
Calculate the remainder when 2554 is divided by 1479.
1075
What is the remainder when 2359 is divided by 774?
37
What is the remainder when 27645 is divided by 288?
285
What is the remainder when 175086 is divided by 100?
86
Calculate the remainder when 1292255 is divided by 3869.
9
Calculate the remainder when 1448957 is